 2 = 0. What are the prime factors of w(o)?
2
Let w = -2 + 9. Suppose -3*h = -y - w*h + 33, 2*h = -y + 23. List the prime factors of y.
13
Suppose -5*t = -25, -2*m + 5*t + 27 = 2*m. Suppose 15 + m = 2*y. List the prime factors of y.
2, 7
Suppose -k + 2*k + 6 = 0. Let h be 0*((-15)/k + -2). Suppose z - 31 = 5*y, 2*y + h*y + 63 = 5*z. What are the prime factors of z?
11
What are the prime factors of 24/(-18)*243/(-2)?
2, 3
Let u = -11 + 16. Suppose -10 = 5*h, u*g + h = 7 + 1. What are the prime factors of 10 - (g + 0 + 0)?
2
Let r = -2 + 6. What are the prime factors of r?
2
What are the prime factors of 2097/63 - (-2)/(-7)?
3, 11
Suppose -5*j + 0*j = 3*o - 124, 4*o - 172 = -5*j. List the prime factors of o.
2, 3
List the prime factors of ((-68)/(-12))/(2/24).
2, 17
Let m = -15 - -13. Let f(q) = -2*q + 0*q - 3 - 3*q. List the prime factors of f(m).
7
Let b(g) = -21*g**2. Let z be b(-1). Let m = z + 37. What are the prime factors of m?
2
Let c(u) = -u + 5. Let o(n) = -5. Let y(f) = 2*c(f) + 3*o(f). Suppose -3*q = -2*p - 22, p + 2*q + 0 = 3. What are the prime factors of y(p)?
5
Suppose -13 = 3*y - 1. List the prime factors of (-30)/(-4) - 2/y.
2
What are the prime factors of ((-154)/(-44))/(1/2)?
7
Suppose -5*q - 20 = 5*y, 0*q - y = 5*q. What are the prime factors of (1 + q - 1) + 18?
19
Let m(n) be the third derivative of -n**5/60 - 7*n**4/24 + n**3/2 + 2*n**2. List the prime factors of m(-7).
3
What are the prime factors of ((0 - -1) + 0)*(9 + 98)?
107
Let z(y) = -y**2 - 6*y + 9. Let j be 6/24 - (-58)/(-8). Let g be z(j). Let a = 4 - g. List the prime factors of a.
2
What are the prime factors of 6*(123/6 - 1)?
3, 13
Let b(s) = -s**3 - 5*s**2 + 7*s + 9. Suppose 4*p + 4 = -3*x, -3*x = -4*p - x + 16. Let y = p - 8. List the prime factors of b(y).
3
Let p be (3/3)/((-2)/14). Let c = 34 + p. Suppose c = 4*i - 13. List the prime factors of i.
2, 5
Let t be (-1)/(-1 - 0)*-1. Let x be 5*(5/t + 0). Let a = x + 35. What are the prime factors of a?
2, 5
Let z be (6/(-4))/(2/(-4)). Suppose -2*i + z*i - 34 = 0. What are the prime factors of i?
2, 17
Suppose 64 = -2*i + 6*i. Let k = i - 0. What are the prime factors of k?
2
Let f(g) = 7*g - 9. What are the prime factors of f(5)?
2, 13
Suppose -1464 = -3*l - l. List the prime factors of l.
2, 3, 61
Suppose 0 = 4*x - x - 24. Let s = -6 + 12. List the prime factors of x/(-6)*(-27)/s.
2, 3
Let b be (-20)/((-33)/9 - -3). List the prime factors of b/(-4)*(7 - 9).
3, 5
Let r(a) = 33*a - 11. Let f(x) be the first derivative of 17*x**2/2 - 6*x - 2. Let y(c) = -11*f(c) + 6*r(c). List the prime factors of y(1).
11
Let r(a) = a**2 - 4*a - 8. List the prime factors of r(10).
2, 13
Suppose -52 = -4*a - 16. Let q(i) = -i**2 + 10*i + 11. Let j be q(a). Let g = j + -4. List the prime factors of g.
2
Let g be 4/(-2)*(-21)/(-6). Let q(m) = m + 17. What are the prime factors of q(g)?
2, 5
Let b = 0 + -4. Let n = b + 6. Suppose n = 3*x - 13. What are the prime factors of x?
5
Let q = -64 + 110. Suppose 4*p = 3*u - 64, 3*u - 14 = 3*p + q. List the prime factors of u.
2
Let z(r) = r**3 + 14*r**2 + 12*r + 18. What are the prime factors of z(-13)?
31
Let v(l) be the third derivative of l**6/120 + l**5/60 + l**3/3 + 3*l**2. List the prime factors of v(2).
2, 7
Suppose 11 + 17 = r. List the prime factors of r.
2, 7
Let o(g) = g**2 + g + 197. List the prime factors of o(0).
197
Suppose 4*g = 58 + 26. What are the prime factors of g?
3, 7
Suppose 0 = -m + 3*a + 2*a - 2, 3*a = -3*m - 24. Let c = m + 10. What are the prime factors of c?
3
Suppose -p - 2 + 5 = 0. What are the prime factors of (-24)/(-8) - p*-1?
2, 3
Let x be ((-2)/5)/((-5)/225). Suppose 5*m - 87 = x. What are the prime factors of m?
3, 7
Let c be (-2)/8 - (-26)/8. Let z be (c/(-2))/((-1)/(-2)). List the prime factors of 1*6*(5 + z).
2, 3
Let h(j) = 2*j**2 - 6*j - 3. Let b be h(6). Let s(a) = -a**3 - 5*a**2 + 2*a + 5. Let r be s(-4). Let w = b + r. List the prime factors of w.
2, 7
What are the prime factors of (16/(-10))/((-14)/105)?
2, 3
Suppose 5*q + 3 = 6*q. Let y(s) = 2*s**2 - 5*s + 3. Let g be y(q). Suppose 4*n = g + 30. List the prime factors of n.
3
Let v = 13 - 20. What are the prime factors of (v/2)/((-3)/12)?
2, 7
Let z(v) = 2*v**2 - 1 + 4*v**2 - 2*v**3 + v**3 - 4*v. List the prime factors of z(4).
3, 5
Let s be -3 + 14*(-3)/(-3). Suppose -2*k + s = 5*w - 74, 4*w = 4*k + 96. What are the prime factors of w?
19
Suppose -2*m = 5*r + 2*m - 34, -14 = -2*r - 2*m. Suppose 3*j - r + 0 = 0. What are the prime factors of j?
2
Let f(c) = 7*c**2 - c. Let d = 3 + -2. Let k be f(d). What are the prime factors of ((-2)/k)/(1/(-9))?
3
Let a = 25 + -21. List the prime factors of a.
2
Suppose -k + 2 = -10. What are the prime factors of k?
2, 3
Let f = 93 - 55. What are the prime factors of f?
2, 19
Let y(v) = -9*v**3 - 8*v**2 + 7. What are the prime factors of y(-3)?
2, 89
Suppose -26*a + 524 = -22*a. What are the prime factors of a?
131
What are the prime factors of 55 - (-10 - -5)*-1?
2, 5
Let s(b) = -b**3 - 5*b**2 + 5*b - 2. Suppose k + 0*k - 3*p - 8 = 0, 0 = -3*k - p + 4. Let z be ((8 - k)/1)/(-1). List the prime factors of s(z).
2
Suppose 6*g = 2*g + 44. What are the prime factors of g?
11
Suppose -3*o = -2*u - 717, 3*u = o - u - 249. List the prime factors of o.
3, 79
Let w(d) = -7*d**2 - 5*d + 1. Let z(m) = -15*m**2 - 10*m + 1. Let s(a) = 13*w(a) - 6*z(a). Let y be s(-10). Let q = 60 + y. What are the prime factors of q?
17
Let w(x) = -3 + 1 + 3 - x**2. Let c be w(-1). What are the prime factors of ((-5)/1)/(c - 1)?
5
What are the prime factors of (152 - 1) + 5/(-10)*8?
3, 7
Suppose 0*a = 2*w + a - 25, 20 = w + 2*a. Let c = -5 + w. Suppose -c*k + 16 + 19 = 0. List the prime factors of k.
7
Let c be (-2)/(-7) + 122/14. Suppose 0 = -4*w - 1 + c. Suppose 10 = -t + w*t - v, 5*t + 3*v = 18. List the prime factors of t.
2, 3
Let h(g) be the first derivative of g**5/12 + g**3/6 + g**2/2 + 2. Let o(m) be the second derivative of h(m). List the prime factors of o(-1).
2, 3
Suppose -5*g - 3*b = -0 + 17, -3*b - 9 = -3*g. List the prime factors of (-3)/(-2 - g) + 1.
2
Let d(x) = 5*x - 1. List the prime factors of d(3).
2, 7
Let z(c) = -c**2 + c + 2. Let s be z(0). Let w(q) = 0*q - s + 7 + q. What are the prime factors of w(7)?
2, 3
Suppose 3*t + 30 = f - 20, 3*f - 3*t - 174 = 0. List the prime factors of f.
2, 31
Let i(w) = w**3 + 4*w**2 - 5*w - 5. Let r be i(-4). Suppose -r - 15 = -5*s. List the prime factors of s*(42/9 - 3).
2, 5
Suppose -j = -3*j - 32. Let n = -17 + 12. Let d = n - j. What are the prime factors of d?
11
Let n(h) = -23*h**3 + h**2 + h + 1. List the prime factors of n(-1).
2, 3
Suppose -x - 584 = -9*x. List the prime factors of x.
73
Let a(y) = -5 + 0*y + 0 + y. Let m be a(7). Suppose 0 = i + m - 14. What are the prime factors of i?
2, 3
Let q = -87 + 136. What are the prime factors of q?
7
Suppose 6*p - 48 = 2*p. List the prime factors of p.
2, 3
Let j(l) = -5*l**3 - l**2 - l - 1. List the prime factors of j(-2).
37
Let z(v) = v**3 + 7*v**2 + 4*v - 1. Let i be z(-5). Let l(p) = -2*p - 7. Let a be l(6). Let d = a + i. What are the prime factors of d?
2, 5
Let c be (-1515)/(-25) - (-3)/(-5). Let i = c + -41. What are the prime factors of i?
19
Let d(g) = g**3 + 4*g**2 - 4*g + 3. Let n be d(-5). Let s(x) = 9*x**2 + 3*x. List the prime factors of s(n).
2, 3, 5
What are the prime factors of (6/8)/((-9)/(-1116))?
3, 31
Let h be -6 - (0 + (6 - 3)). Let g = 13 - h. List the prime factors of g.
2, 11
Let x(p) = 3*p - 3. Let t be x(3). Let y be (-90)/t*(-2)/6. Let c = y - -1. List the prime factors of c.
2, 3
Let c(l) = 6*l**2 + 4*l - 7. What are the prime factors of c(3)?
59
Suppose -25 = -3*a - 4. What are the prime factors of 276/14 - (-2)/a?
2, 5
Suppose 0 = o + 3, -4*d - 3*o = -d - 21. Let r = d - 8. Suppose 0*s + s = -5, 23 = r*c + s. List the prime factors of c.
2, 7
Suppose 3*p = 4*q + p + 64, 5*q = 3*p - 81. Let c(u) = u**3 + 16*u**2 + 12*u + 3. What are the prime factors of c(q)?
2, 3
Suppose f - 13 - 5 = 0. Let n(q) = -q**3 + 5*q**2 + 4*q + 2. Let o be n(6). Let r = o + f. List the prime factors of r.
2
Suppose -b = 6 + 2. Let k(p) = p**3 + 9*p**2 + 4*p - 7. List the prime factors of k(b).
5
Suppose -14*v - 852 = -18*v. What are the prime factors of v?
3, 71
